 (-4 + 6 - 4).
4
Evaluate 0 + 0 - (50 - 48).
-2
What is the value of -4 + (-12 - -15 - -5)?
4
2 + (5 - (-7 + 4 + 4))
6
What is -6 - (-3 - (-6 + 7))?
-2
Calculate -10 + 7 + 16 - 10.
3
(0 + 0 - 1) + -4 + 6
1
Evaluate (-12 - -25) + -4 + -3.
6
Calculate 5 + (6 - 5 - 5) + 1.
2
-1 + ((0 - -4) + 1 - 1)
3
What is 2 + -5 + (1 - 3) + 2?
-3
What is 2 - 4 - ((-2 - -3) + -1)?
-2
What is the value of 5 + (4 - -1) + -6?
4
What is the value of 18 + 2 + -13 + 0 + -10?
-3
Calculate 2 - -1 - (1 + 0).
2
What is the value of -3 - ((-2 - (-2 - -2)) + -6)?
5
-4 + -3 + (1 - (0 - 1))
-5
(-8 - -9) + (2 - 3)
0
-6 - -1 - -4 - (2 - 1)
-2
(-6 - 2) + (7 - 8) + 3
-6
Calculate 8 + -10 + -8 + 5.
-5
What is -1 + -2 - (23 + -23)?
-3
What is the value of -5 + 6 + 4 + -5 + 5?
5
What is -9 + 1 + 4 - (-1 - 3)?
0
-7 - (-2 + -3) - (10 + -6)
-6
What is -1 - (-3 - -3) - -2 - -3?
4
What is 20 + -11 - (19 + -3)?
-7
What is -8 - (-3 + -1 + 0)?
-4
Evaluate (-2 - -2) + (80 - 74).
6
Evaluate -94 + 85 - (-13 + -2).
6
What is -4 - (4 + (-4 - 6))?
2
-1 - ((-3 - -2) + -6 + 10)
-4
Calculate 2 + -2 - (-3 + -16 + 14).
5
What is -16 - (16 - 6 - 20)?
-6
Calculate 7 + (2 - (-2 + 11)).
0
What is the value of 14 + -10 + -4 - -5?
5
What is the value of -5 + 7 - (2 + -5)?
5
(-6 - (5 + (-3 - 6))) + 7
5
7 + (-2 - -10 - 14)
1
What is the value of -7 + -13 - -1 - -9?
-10
What is the value of (-7 - (6 + -11)) + 7?
5
What is -3 - 0 - -6 - -1?
4
(-1 - -2) + 1 - 1
1
0 + 1 + (-3 - (1 - 1))
-2
Evaluate 5 + -9 + 6 + -5.
-3
What is 5 - (9 + -9 + 8 + -3)?
0
Calculate 1 + (-1 + 1 + 3 - 5).
-1
Calculate 4 - (-3 + (-5 - -10)).
2
Calculate -15 - (-7 - (12 - 8)).
-4
What is 12 - 11 - 15 - -10?
-4
Evaluate 37 + -34 - (1 - (-1 - 6)).
-5
Evaluate 2 + (-1 - (1 - -2) - -8).
6
6 - (2 - 6 - -10) - -2
2
What is (1 - -3) + (5 - 10)?
-1
What is the value of 0 + -5 + (-1 - -10) + 3?
7
Evaluate 5 + (3 - 8) + 0.
0
What is the value of (-5 - 0) + (23 + -22 - -12)?
8
Evaluate -31 + 28 - (-3 - -1).
-1
What is the value of 5 - (1 + (5 - 4) + 3)?
0
-3 - -1 - (-4 - -4)
-2
4 - 1 - (-4 - (8 + -13))
2
Calculate -3 + (3 - 1) + -1.
-2
Evaluate -8 - 1 - (54 + -66).
3
Evaluate 3 + (11 - 13) - (5 + 1).
-5
Calculate (12 - 5 - 1) + -1 + -3.
2
Calculate 3 - (-2 - 1 - (-15 + 9)).
0
What is the value of (-5 - (0 - 4)) + 1?
0
(6 - -1 - (62 + -53)) + 4
2
-1 + (4 - 1 - 5 - -2)
-1
Calculate -5 + ((1 - 4) + 4 - -4).
0
Calculate 3 + -14 + 5 - (3 - 2).
-7
What is the value of (-4 - (0 - -5 - 5)) + 11?
7
Calculate (1 - -3) + (-3 - (-3 + -1)).
5
Evaluate 4 + 3 + -5 + 5 + -3.
4
Evaluate 10 + -3 - (6 - -1).
0
Evaluate 6 + (-13 - -14) - 1.
6
Calculate -4 - ((9 - 5) + -7 - 0).
-1
Calculate -4 + 0 - (6 + -14 + 0).
4
Calculate -3 - -4 - -2 - (4 - -1).
-2
(-6 - -11 - 12) + -2
-9
What is the value of (-1 - -4) + 46 + -50?
-1
What is -2 + 5 + (-12 - -7) + 8?
6
Calculate -12 - (-12 - (0 + -3)).
-3
What is the value of 1 - (3 + -1) - (13 - 17)?
3
What is the value of -1 + 6 - (1 - 0)?
4
Calculate 1 + (-9 - -4 - -3).
-1
What is -2 + -5 + 4 + -3 + 1?
-5
-1 + 10 + -14 - -1
-4
-2 - (-7 + 3 - 2)
4
What is the value of 15 + -21 + -2 + 6?
-2
6 + -9 + (-3 - -7)
1
What is the value of 39 - 25 - ((1 - 2) + 8)?
7
Evaluate 9 + (-2 - 1) + -3.
3
Evaluate 9 + -4 - 6 - (-5 - 0).
4
Evaluate -6 + 12 - (0 + 4 + 1).
1
What is (-29 + 32 - (-4 - 0)) + -7?
0
What is the value of -3 + 0 - (-4 - -1) - -2?
2
What is 7 - (0 + -1 - -3)?
5
Calculate 1 + -3 + 2 + 2 + 4.
6
What is the value of -10 + (9 - (-13 + 13))?
-1
-12 - (14 - 19) - 0
-7
Calculate -1 + (-3 - -6) + (3 - 1).
4
What is the value of 110 + -95 + (-2 - 9)?
4
42 + -39 - (-1 - (-1 + 1))
4
-1 - (9 - 2) - -4 - -1
-3
What is 1 + 0 + 4 - (-310 - -310)?
5
What is 7 + (-12 - -5) + 0?
0
(3 - 4 - -6) + -5
0
Evaluate 175 - 174 - (1 + 0 - 0).
0
Calculate -2 + 0 + (-3 - 1) + 2.
-4
Evaluate -2 + 2 - (-3 + 2 + 0).
1
11 + -4 - (2 - 6 - -8)
3
8 - (-1 - (4 - 11))
2
1 - (4 + -3 - -4)
-4
Calculate -11 + (12 - 8) + -2.
-9
What is (0 - (5 - 3)) + 4 + 0?
2
Evaluate 1 + 4 + (20 - 13) + -6.
6
Evaluate (-1 - -4 - 1) + -6.
-4
What is the value of (-6 - -2) + -1 + (1 - -9)?
5
Calculate 2 - (0 + 1 + -6 - -5).
2
What is the value of 12 + -6 + 2 + 0 - 3?
5
Evaluate (-5 - 0) + (6 + -3 - 0).
-2
What is the value of (3 - 10) + (0 - (2 - 2))?
-7
Calculate -1 - (-9 - (8 - 12 - 2)).
2
Evaluate -4 + 0 + 18 + (0 - 6).
8
Evaluate 19 + -16 + (-1 - (-1 - -1)).
2
Calculate 0 - 1 - (-3 - (6 - 10)).
-2
2 + -16 - (-7 + -4 + 4)
-7
What is the value of -4 + (-2 - (1 + -6))?
-1
What is the value of (-10 - 0) + (-2 - 3 - -8)?
-7
Evaluate 2 - 3 - -7 - 12.
-6
-2 - (4 + -8) - 0
2
What is the value of -2 - (-11 - -3 - (9 + -14))?
1
What is the value of -3 - 8 - 0 - (-13 + 9)?
-7
Calculate (3 + 2 - 11) + 7.
1
What is the value of (50 - 41) + (-5 - 0)?
4
-5 + (-3 + 2 - -6)
0
What is -7 + (-3 - 4 - -14)?
0
-1 - 3 - 1 - (-3 - -2)
-4
What is -13 - (8 + 0 + -15)?
-6
What is -7 + 6 + 5 + -2?
2
3 + (-2 - -1) - -1
3
What is 5 - (1 + (3 - 0))?
1
Calculate 0 + 6 + 0 - 7.
-1
What is (-6 + 3 - (-5 - 1)) + 1?
4
Evaluate 6 + -16 + 6 + 10.
6
What is the value of (-14 - (8 - 24)) + (0 - -3)?
5
What is 1 + 1 + -6 + 14 + -1?
9
What is 11 - (28 - (1 - -13))?
-3
13 - (7 - (-4 + -1))
1
What is -2 - (-2 - (3 - (2 - -2)))?
-1
What is the value of 1 + 8 + (44 - 56)?
-3
What is the value of -1 + 1 - (2 + (-10 - -5))?
3
Evaluate -1 + -5 + 8 - (1 - -1).
0
What is -4 + 15 + -3 - 2?
6
1 - (-4 + 2 + 6 - 6)
3
What is the value of 1 - 0 - (-4 + -6 + 7)?
4
9 + -8 + -1 + -1
-1
-1 - -3 - (9 + -3) - -4
0
Evaluate 5 + -1 + 13 + -21.
-4
24 + -23 - (0 + 0 + -1)
2
Evaluate 7 + (12 - 4 - 8) + 3.
10
Evaluate (0 + 1 - 0) + -8 + 4.
-3
Evaluate -4 - -3 - (46 + -48).
1
What is the value of -4 + (-5 - (1 - 6))?
-4
What is the value of 7 - -1 - (3 - -1)?
4
Evaluate -8 - (-8 + 1) - 3.
-4
Calculate -25 + 21 + (8 - 2).
2
What is -42 - -33 - (-2 + -11)?
4
-3 - (-4 - (3 + -2) - 0)
2
Evaluate -2 - -1 - (0 - 9 - -11).
-3
(0 - -10) + -5 + 1 + -1
5
What is the value of (-5 - -7 - -3) + -7 + 2?
0
What is -1 - 1 - ((4 - -1) + -9)?
2
Evaluate -8 + 9 + (-1 - -1).
1
What is 1 + -2 + -5 + (5 - -8)?
7
Calculate 7 + (2 - (4 + 0)).
5
What is the value of -5 - (0 + -4 + 2)?
-3
Evaluate -1 + -2 + (-4 - -5) + -2.
-4
Evaluate -5 + 4 + -4 + 4 + 4.
3
What is 1 - (-2 + 1 + 3)?
-1
Calculate (-6 - 0) + (5 - (-7 + 13)).
-7
(1 - 4 - 1) + 3
-1
Evaluate -5 + (13 - 2 - 7) + -7.
-8
Calculate (5 - (2 - 3)) + -3.
3
(0 - -1 - 2 - 3) + 6
2
(4 - (2 - 1)) + (16 - 21)
-2
1 - (1 + 0 - 1)
1
What is the value of 10 - (4 - (-5 - -5))?
6
Calculate -1 + 7 - ((11 - -7) + -9).
-3
What is 1 - -2 - (-4 + 3) - 8?
-4
Calculate 2 + -5 - (-3 - -2).
-2
What is (-7 - -6) + 5 + -3?
1
(7 + -13 - -10) + 0 + 3
7
Calculate 12 - (-10 + 16) - (-1 - -8).
-1
What is the value of -10 + (15 - 7) - -2?
0
What is (0 - (1 + 3)) + -1?
-5
Evaluate -1 + 5 + -5 + (-7 - -1).
-7
What is the value of 4 + 7 + -7 + 5 - 2?
7
-3 - (4 - 1 - (-3 + 6))
-3
-7 + -10 + 12 + 4
-1
(-33 - -16) + (1 - -8)
-8
What is 4 + (3 - 3) + -2?
2
What is the value of 3 + 5 - (5 - (-1 + 2))?
4
What is -4 + 7 + 4 + -4?
3
Evaluate 2 - (-2 + 0 + 1 + 1).
2
Evaluate (1 - 3) + (-8 - -15) + -4.
1
(0 - 4) + (-5 - -8 - -1)
0
(-6 - (3 - (1 + 4))) + 6
2
(7 - 6) + -1 + 3 - 7
-4
What is 1 - 7 - (-5 - (4 - -3))?
6
Calculate -183 - -183 - (0 - -3).
-3
Evaluate -1 - (-2 - (0 + (-7 - -1))).
-5
Calculate -4 - (2 + -5 + 2).
-3
(1 - -13) + -11 + -6
-3
Evaluate -4 - (-1 + (2 - -1) + -3).
-3
4 - (1 - (4 - 6)) - -2
3
What is the value of (-2 - -1) + (3 - 1)?
1
Calculate -4 - -1 - (-8 - (-7 + 2)).
0
What is -9 + 7 + 3 - -4 - 8?
-3
Calculate (-1 - 0 - -4) + (36 - 38).
1
What is (-10 - -4) + (6 - (-1 - -2))?
-1
Evaluate -2 + 4 + 32 + -38.
-4
What is (-6 - -3) + 1 + (-7 - -5)?
-4
What is 0 + -6 + 7 - 4?
-3
17 - (-3 + 10) - 11
-1
(-3 - -9) + -5 + 11 + -12
0
Evaluate 11 - (4 + 5 + -6 + 3).
5
Evaluate (-6 + -2 - -8) + (0 - 1).
-1
Calculate -5 - (-8 + 4 + 4 - 10).
5
What is (-3 + 3 - -1) + 0?
1
Calculate 1 + (-1 + -3 - 0).
-3
Calculate 2 + -8 + (2 - -6).
2
Evaluate 1 + (-5 - (0 - 5) - 3).
-2
What is the value of 0 - (6 + 1 - (-32 - -33))?
-6
(1 - 0) + 4 + -1
4
Evaluate 4 + -8 + 3 + 6 + -5.
0
Evaluate 12 + (21 - 41) + (0 - -8).
0
-3 + (-3 + 1 - -3)
-2
-2 - ((-6 - -6) + 6)
-8
What is 39 + -42 + (-5 - (0 + -1))?
-7
Evaluate 0 - (1 + (4 - (-5 + 11))).
1
What is the value